{"id":109,"date":"2020-08-15T12:39:18","date_gmt":"2020-08-15T12:39:18","guid":{"rendered":"https:\/\/www.zacherl-dlg.de\/?page_id=109"},"modified":"2021-03-08T08:34:26","modified_gmt":"2021-03-08T08:34:26","slug":"okuslide","status":"publish","type":"page","link":"https:\/\/www.zacherl-dlg.de\/index.php\/okuslide\/","title":{"rendered":"Okuslide\u00ae"},"content":{"rendered":"<p>Seit Mitte 2019 sind wir offizieller Vertragspartner im S\u00fcddeutschen Raum f\u00fcr OKUSLIDE\u00ae LKW-Auskleidungen von OKULEN\u00ae.\u00a0 In unserer betriebseigenen Werkstatt verbauen wir erfolgreich die Auskleidung in Kippmulden, Radladerschaufeln und Container. Es wird sowohl in Neufahrzeuge eingebaut als auch bei Gebrauchten nachger\u00fcstet.<\/p>\n<p>Hier einige Vorteile der Kunststoffauskleidung:<\/p>\n<p style=\"text-align: left;\"><strong>\u00a0\u00a0\u00a0\u00a0\u00a0\u00a0\u00a0\u00a0\u00a0 Sauber, sicher und schnell<br \/>\n<\/strong><\/p>\n<ul>\n<li>Hervorragende Gleitfreudigkeit f\u00fcr schnelleres, einfacheres Abladen.<\/li>\n<li>Sehr hohe Verschlei\u00dffestigkeit &#8211; mindestens 50% weniger Verschlei\u00df als bei Aluminiumb\u00f6den.<\/li>\n<li>Deutlich geringere Anhaftung klebriger Sch\u00fcttg\u00fcter und nahezu kein Anfrieren.<\/li>\n<li>Schnelle, kosteng\u00fcnstige Montage<\/li>\n<li>H\u00f6here Sicherheit beim Entladen durch einen geringeren Kippwinkel.<\/li>\n<\/ul>\n<p>OKUSLIDE\u00ae Verschlei\u00dfauskleidungen sind De-minimis f\u00f6rderf\u00e4hig beim Bundesamt f\u00fcr G\u00fcterverkehr. F\u00f6rderantr\u00e4ge k\u00f6nnen unter Ma\u00dfnahme 1.3 auf der Internetseite der BAG unter www.BAG.Bund.de gestellt werden.<\/p>\n<p>Weitere Informationen finden Sie auf dem Flyer (<a href=\"https:\/\/www.zacherl-dlg.de\/wp-content\/uploads\/2021\/03\/OKUSLIDE_16S_105x210-DE-netto.pdf\">OKUSLIDE_Flyer<\/a>) oder melden sich telefonisch oder per Mail bei uns.<\/p>\n","protected":false},"excerpt":{"rendered":"<p>Seit Mitte 2019 sind wir offizieller Vertragspartner im S\u00fcddeutschen Raum f\u00fcr OKUSLIDE\u00ae LKW-Auskleidungen von OKULEN\u00ae.\u00a0 In unserer betriebseigenen Werkstatt verbauen wir erfolgreich die Auskleidung in Kippmulden, Radladerschaufeln und Container. Es wird sowohl in Neufahrzeuge eingebaut als auch bei Gebrauchten nachger\u00fcstet. Hier einige Vorteile der Kunststoffauskleidung: \u00a0\u00a0\u00a0\u00a0\u00a0\u00a0\u00a0\u00a0\u00a0 Sauber, sicher und schnell Hervorragende Gleitfreudigkeit f\u00fcr schnelleres, einfacheres&#8230;<\/p>\n","protected":false},"author":2,"featured_media":0,"parent":0,"menu_order":0,"comment_status":"closed","ping_status":"closed","template":"","meta":{"footnotes":""},"class_list":["post-109","page","type-page","status-publish","hentry"],"_links":{"self":[{"href":"https:\/\/www.zacherl-dlg.de\/index.php\/wp-json\/wp\/v2\/pages\/109","targetHints":{"allow":["GET"]}}],"collection":[{"href":"https:\/\/www.zacherl-dlg.de\/index.php\/wp-json\/wp\/v2\/pages"}],"about":[{"href":"https:\/\/www.zacherl-dlg.de\/index.php\/wp-json\/wp\/v2\/types\/page"}],"author":[{"embeddable":true,"href":"https:\/\/www.zacherl-dlg.de\/index.php\/wp-json\/wp\/v2\/users\/2"}],"replies":[{"embeddable":true,"href":"https:\/\/www.zacherl-dlg.de\/index.php\/wp-json\/wp\/v2\/comments?post=109"}],"version-history":[{"count":12,"href":"https:\/\/www.zacherl-dlg.de\/index.php\/wp-json\/wp\/v2\/pages\/109\/revisions"}],"predecessor-version":[{"id":243,"href":"https:\/\/www.zacherl-dlg.de\/index.php\/wp-json\/wp\/v2\/pages\/109\/revisions\/243"}],"wp:attachment":[{"href":"https:\/\/www.zacherl-dlg.de\/index.php\/wp-json\/wp\/v2\/media?parent=109"}],"curies":[{"name":"wp","href":"https:\/\/api.w.org\/{rel}","templated":true}]}}