{"id":240,"date":"2025-06-04T10:05:45","date_gmt":"2025-06-04T10:05:45","guid":{"rendered":"https:\/\/www.zacherl-dlg.de\/?page_id=240"},"modified":"2025-08-07T11:14:32","modified_gmt":"2025-08-07T11:14:32","slug":"karriere","status":"publish","type":"page","link":"https:\/\/www.zacherl-dlg.de\/index.php\/karriere\/","title":{"rendered":"Karriere"},"content":{"rendered":"<h2><span style=\"color: #008000;\">Stellenanzeigen:<\/span><\/h2>\n<p>Zur Verst\u00e4rkung unseres Teams suchen wir ab sofort motivierte und zuverl\u00e4ssige<\/p>\n<h3><span style=\"color: #008000;\">Kraftfahrer <\/span>(m\/w\/d) mit F\u00fchrerscheinklasse CE in Vollzeit<\/h3>\n<p>f\u00fcr <strong>Sattelzugmaschine<\/strong>, wechselnd im Holz- oder Kippertransport<\/p>\n<p>sowie<\/p>\n<p>f\u00fcr <strong>Lkw mit Ladekran<\/strong> f\u00fcr Holztransporte<\/p>\n<p><strong>Ihr Profil<\/strong>:<\/p>\n<ul>\n<li>Freude am Fahren<\/li>\n<li>Selbstst\u00e4ndiges, verantwortungsbewusstes Arbeiten<\/li>\n<li>Teamf\u00e4higkeit<\/li>\n<\/ul>\n<p>Eine attraktive Anstellung in einem Familienunternehmen wartet auf Sie\u2013 werde Teil unseres Teams!<\/p>\n<p>Wir freuen uns auf Ihre Bewerbung!<\/p>\n<p>&nbsp;<\/p>\n<p><strong>Ansprechpartner:<\/strong><\/p>\n<p>Zacherl Transporte GmbH<\/p>\n<p>Frau Nicole Behringer-Zacherl<\/p>\n<p>verwaltung@zacherl-dlg.de<\/p>\n<p>09071\/58810<\/p>\n","protected":false},"excerpt":{"rendered":"<p>Stellenanzeigen: Zur Verst\u00e4rkung unseres Teams suchen wir ab sofort motivierte und zuverl\u00e4ssige Kraftfahrer (m\/w\/d) mit F\u00fchrerscheinklasse CE in Vollzeit f\u00fcr Sattelzugmaschine, wechselnd im Holz- oder Kippertransport sowie f\u00fcr Lkw mit Ladekran f\u00fcr Holztransporte Ihr Profil: Freude am Fahren Selbstst\u00e4ndiges, verantwortungsbewusstes Arbeiten Teamf\u00e4higkeit Eine attraktive Anstellung in einem Familienunternehmen wartet auf Sie\u2013 werde Teil unseres Teams!&#8230;<\/p>\n","protected":false},"author":2,"featured_media":261,"parent":0,"menu_order":0,"comment_status":"closed","ping_status":"closed","template":"","meta":{"footnotes":""},"class_list":["post-240","page","type-page","status-publish","has-post-thumbnail","hentry"],"_links":{"self":[{"href":"https:\/\/www.zacherl-dlg.de\/index.php\/wp-json\/wp\/v2\/pages\/240","targetHints":{"allow":["GET"]}}],"collection":[{"href":"https:\/\/www.zacherl-dlg.de\/index.php\/wp-json\/wp\/v2\/pages"}],"about":[{"href":"https:\/\/www.zacherl-dlg.de\/index.php\/wp-json\/wp\/v2\/types\/page"}],"author":[{"embeddable":true,"href":"https:\/\/www.zacherl-dlg.de\/index.php\/wp-json\/wp\/v2\/users\/2"}],"replies":[{"embeddable":true,"href":"https:\/\/www.zacherl-dlg.de\/index.php\/wp-json\/wp\/v2\/comments?post=240"}],"version-history":[{"count":6,"href":"https:\/\/www.zacherl-dlg.de\/index.php\/wp-json\/wp\/v2\/pages\/240\/revisions"}],"predecessor-version":[{"id":273,"href":"https:\/\/www.zacherl-dlg.de\/index.php\/wp-json\/wp\/v2\/pages\/240\/revisions\/273"}],"wp:featuredmedia":[{"embeddable":true,"href":"https:\/\/www.zacherl-dlg.de\/index.php\/wp-json\/wp\/v2\/media\/261"}],"wp:attachment":[{"href":"https:\/\/www.zacherl-dlg.de\/index.php\/wp-json\/wp\/v2\/media?parent=240"}],"curies":[{"name":"wp","href":"https:\/\/api.w.org\/{rel}","templated":true}]}}